{"id":731,"date":"2023-12-14T18:15:48","date_gmt":"2023-12-14T17:15:48","guid":{"rendered":"https:\/\/www.sinovatec.com\/?page_id=731"},"modified":"2024-12-18T13:36:27","modified_gmt":"2024-12-18T12:36:27","slug":"privat-duplicate-356","status":"publish","type":"page","link":"https:\/\/www.sinovatec.com\/index.php\/privat-duplicate-356\/","title":{"rendered":"Jobs"},"content":{"rendered":"\t\t<div data-elementor-type=\"wp-post\" data-elementor-id=\"731\" class=\"elementor elementor-731\">\n\t\t\t\t\t\t<section class=\"elementor-section elementor-top-section elementor-element elementor-element-b21a997 elementor-section-boxed elementor-section-height-default elementor-section-height-default\" data-id=\"b21a997\" data-element_type=\"section\" data-e-type=\"section\">\n\t\t\t\t\t\t<div class=\"elementor-container elementor-column-gap-default\">\n\t\t\t\t\t<div class=\"elementor-column elementor-col-100 elementor-top-column elementor-element elementor-element-f3cd554\" data-id=\"f3cd554\" data-element_type=\"column\" data-e-type=\"column\">\n\t\t\t<div class=\"elementor-widget-wrap elementor-element-populated\">\n\t\t\t\t\t\t\t<\/div>\n\t\t<\/div>\n\t\t\t\t\t<\/div>\n\t\t<\/section>\n\t\t\t\t<section class=\"elementor-section elementor-top-section elementor-element elementor-element-6a7f94ac elementor-section-full_width elementor-section-height-default elementor-section-height-default\" data-id=\"6a7f94ac\" data-element_type=\"section\" data-e-type=\"section\">\n\t\t\t\t\t\t<div class=\"elementor-container elementor-column-gap-default\">\n\t\t\t\t\t<div class=\"elementor-column elementor-col-100 elementor-top-column elementor-element elementor-element-6d3faa63\" data-id=\"6d3faa63\" data-element_type=\"column\" data-e-type=\"column\">\n\t\t\t<div class=\"elementor-widget-wrap elementor-element-populated\">\n\t\t\t\t\t\t\t<\/div>\n\t\t<\/div>\n\t\t\t\t\t<\/div>\n\t\t<\/section>\n\t\t\t\t<section class=\"elementor-section elementor-top-section elementor-element elementor-element-3c712ece elementor-section-boxed elementor-section-height-default elementor-section-height-default\" data-id=\"3c712ece\" data-element_type=\"section\" data-e-type=\"section\">\n\t\t\t\t\t\t<div class=\"elementor-container elementor-column-gap-default\">\n\t\t\t\t\t<div class=\"elementor-column elementor-col-100 elementor-top-column elementor-element elementor-element-baa9088\" data-id=\"baa9088\" data-element_type=\"column\" data-e-type=\"column\">\n\t\t\t<div class=\"elementor-widget-wrap elementor-element-populated\">\n\t\t\t\t\t\t<div class=\"elementor-element elementor-element-2ed3b285 elementor-widget elementor-widget-heading\" data-id=\"2ed3b285\" data-element_type=\"widget\" data-e-type=\"widget\" data-widget_type=\"heading.default\">\n\t\t\t\t<div class=\"elementor-widget-container\">\n\t\t\t\t\t<h1 class=\"elementor-heading-title elementor-size-default\">Jobs<\/h1>\t\t\t\t<\/div>\n\t\t\t\t<\/div>\n\t\t\t\t\t<\/div>\n\t\t<\/div>\n\t\t\t\t\t<\/div>\n\t\t<\/section>\n\t\t\t\t<section class=\"elementor-section elementor-top-section elementor-element elementor-element-e27c99e elementor-section-boxed elementor-section-height-default elementor-section-height-default\" data-id=\"e27c99e\" data-element_type=\"section\" data-e-type=\"section\">\n\t\t\t\t\t\t<div class=\"elementor-container elementor-column-gap-default\">\n\t\t\t\t\t<div class=\"elementor-column elementor-col-100 elementor-top-column elementor-element elementor-element-13cb701\" data-id=\"13cb701\" data-element_type=\"column\" data-e-type=\"column\">\n\t\t\t<div class=\"elementor-widget-wrap elementor-element-populated\">\n\t\t\t\t\t\t<div class=\"elementor-element elementor-element-94a21ec elementor-drop-cap-yes elementor-drop-cap-view-default elementor-widget elementor-widget-text-editor\" data-id=\"94a21ec\" data-element_type=\"widget\" data-e-type=\"widget\" data-settings=\"{&quot;drop_cap&quot;:&quot;yes&quot;}\" data-widget_type=\"text-editor.default\">\n\t\t\t\t<div class=\"elementor-widget-container\">\n\t\t\t\t\t\t\t\t\t<p><strong>\u00fcber SinovaTec<\/strong><\/p>\n<p><em><strong>SinovaTec<\/strong><\/em> ist seit \u00fcber 20 Jahren Internet Service Provider mit Fokus auf Gesch\u00e4ftskunden.<\/p>\n<p><em><strong>SinovaTec<\/strong><\/em> errichtet und betreibt Internetzug\u00e4nge \u00fcber Glasfaserkabel, Richtfunk, DSL<br>und Satellitenanbindungen in gesamt \u00d6sterreich. Wir betreiben unsere Cloud Infrastruktur selbst und betreuen damit \u00fcber 1000 Kunden.<\/p>\n<p>Ein firmeneigenes Backbonenetz bietet h\u00f6chste Ausfallssicherheit<br>und individuelle Unterst\u00fctzung unserer Kunden. \u00dcber ein Partnernetzwerke<br>werden \u00f6sterreichweit Projekte durchgef\u00fchrt.<\/p>\n<p><strong>Ihr Aufgabengebiet<\/strong><\/p>\n<ul>\n<li>Montage und Inbetriebnahmen von Endkundenanschl\u00fcssen im Raum Ober\u00f6sterreich<\/li>\n<li>Verkabelungen, Splei\u00dfungen, Routing, Wartung der Serveranlagen beim Kunden.<\/li>\n<li>Dokumentation der Arbeiten, Kontakt zu Kunden<\/li>\n<\/ul>\n<p><strong>Ihr Profil<\/strong><\/p>\n<ul>\n<li>technische Vorausbildung (IT-Techniker, Netzwerktechniker, Funkmonteur, Glasfasertechniker\u2026)<\/li>\n<li>Fundierte Kenntnisse: Netzwerk, TCP\/IP, Routing, Linux, Windows, Nextcloud, Webhosting, Serverwartung, Mailserver, WLAN-Verteilsystemen<\/li>\n<li>von Vorteil: Domainverwaltung, CMS, Webseitenverwaltung, etc<\/li>\n<li>Handwerkliches Geschick, k\u00f6rperliche Fitness, H\u00f6hentauglichkeit<\/li>\n<li>Sehr gutes Deutsch erforderlich.<\/li>\n<li>Genaues Arbeiten, hohe Einsatzbereitschaft<\/li>\n<li>abgel. Pr\u00e4senzdienst, F\u00fchrerschein B<\/li>\n<\/ul>\n<p><strong>Unser Angebot<\/strong><\/p>\n<p>Sichere, attraktive, langfristige Direktanstellung oder freiberufliche Anstellung in einem jungen, eingespielten Team in einem famili\u00e4ren Betrieb.<br><span style=\"font-family: Arial, Helvetica; font-size: medium;\">Das Jahresbruttogehalt liegt bei mind. <strong>\u20ac 44.000,- (Vollzeit)<\/strong> je nach relevanter Arbeitserfahrung und Qualifikation mit der Bereitschaft zur \u00dcberzahlung bei entspr. Qualifikation und Erfahrung <\/span><\/p>\n<p>Wir freuen uns \u00fcber ihre Bewerbung unter <strong>sales@sinovatec.com<\/strong><\/p>\t\t\t\t\t\t\t\t<\/div>\n\t\t\t\t<\/div>\n\t\t\t\t\t<\/div>\n\t\t<\/div>\n\t\t\t\t\t<\/div>\n\t\t<\/section>\n\t\t\t\t<section class=\"elementor-section elementor-top-section elementor-element elementor-element-0077b44 elementor-section-boxed elementor-section-height-default elementor-section-height-default\" data-id=\"0077b44\" data-element_type=\"section\" data-e-type=\"section\">\n\t\t\t\t\t\t<div class=\"elementor-container elementor-column-gap-default\">\n\t\t\t\t\t<div class=\"elementor-column elementor-col-100 elementor-top-column elementor-element elementor-element-acdb98c\" data-id=\"acdb98c\" data-element_type=\"column\" data-e-type=\"column\">\n\t\t\t<div class=\"elementor-widget-wrap elementor-element-populated\">\n\t\t\t\t\t\t<div class=\"elementor-element elementor-element-3ab9933 elementor-widget elementor-widget-spacer\" data-id=\"3ab9933\" data-element_type=\"widget\" data-e-type=\"widget\" data-widget_type=\"spacer.default\">\n\t\t\t\t<div class=\"elementor-widget-container\">\n\t\t\t\t\t\t\t<div class=\"elementor-spacer\">\n\t\t\t<div class=\"elementor-spacer-inner\"><\/div>\n\t\t<\/div>\n\t\t\t\t\t\t<\/div>\n\t\t\t\t<\/div>\n\t\t\t\t\t<\/div>\n\t\t<\/div>\n\t\t\t\t\t<\/div>\n\t\t<\/section>\n\t\t\t\t<section class=\"elementor-section elementor-top-section elementor-element elementor-element-0c671d8 elementor-section-boxed elementor-section-height-default elementor-section-height-default\" data-id=\"0c671d8\" data-element_type=\"section\" data-e-type=\"section\">\n\t\t\t\t\t\t<div class=\"elementor-container elementor-column-gap-default\">\n\t\t\t\t\t<div class=\"elementor-column elementor-col-100 elementor-top-column elementor-element elementor-element-7b068c7\" data-id=\"7b068c7\" data-element_type=\"column\" data-e-type=\"column\">\n\t\t\t<div class=\"elementor-widget-wrap\">\n\t\t\t\t\t\t\t<\/div>\n\t\t<\/div>\n\t\t\t\t\t<\/div>\n\t\t<\/section>\n\t\t\t\t<\/div>\n\t\t","protected":false},"excerpt":{"rendered":"<p>Jobs \u00fcber SinovaTec SinovaTec ist seit \u00fcber 20 Jahren Internet Service Provider mit Fokus auf Gesch\u00e4ftskunden. SinovaTec errichtet und betreibt Internetzug\u00e4nge \u00fcber Glasfaserkabel, Richtfunk, DSLund Satellitenanbindungen in gesamt \u00d6sterreich. Wir betreiben unsere Cloud Infrastruktur selbst und betreuen damit \u00fcber 1000 &hellip;<\/p>\n<p class=\"read-more\"> <a class=\"more-link\" href=\"https:\/\/www.sinovatec.com\/index.php\/privat-duplicate-356\/\"> <span class=\"screen-reader-text\">Jobs<\/span> Weiterlesen &raquo;<\/a><\/p>\n","protected":false},"author":2,"featured_media":0,"parent":0,"menu_order":0,"comment_status":"closed","ping_status":"closed","template":"elementor_header_footer","meta":{"footnotes":""},"class_list":["post-731","page","type-page","status-publish","hentry"],"_links":{"self":[{"href":"https:\/\/www.sinovatec.com\/index.php\/wp-json\/wp\/v2\/pages\/731","targetHints":{"allow":["GET"]}}],"collection":[{"href":"https:\/\/www.sinovatec.com\/index.php\/wp-json\/wp\/v2\/pages"}],"about":[{"href":"https:\/\/www.sinovatec.com\/index.php\/wp-json\/wp\/v2\/types\/page"}],"author":[{"embeddable":true,"href":"https:\/\/www.sinovatec.com\/index.php\/wp-json\/wp\/v2\/users\/2"}],"replies":[{"embeddable":true,"href":"https:\/\/www.sinovatec.com\/index.php\/wp-json\/wp\/v2\/comments?post=731"}],"version-history":[{"count":64,"href":"https:\/\/www.sinovatec.com\/index.php\/wp-json\/wp\/v2\/pages\/731\/revisions"}],"predecessor-version":[{"id":1033,"href":"https:\/\/www.sinovatec.com\/index.php\/wp-json\/wp\/v2\/pages\/731\/revisions\/1033"}],"wp:attachment":[{"href":"https:\/\/www.sinovatec.com\/index.php\/wp-json\/wp\/v2\/media?parent=731"}],"curies":[{"name":"wp","href":"https:\/\/api.w.org\/{rel}","templated":true}]}}